{"id":56,"date":"2026-02-13T15:34:09","date_gmt":"2026-02-13T15:34:09","guid":{"rendered":"https:\/\/virgendesetefilla.net\/?page_id=56"},"modified":"2026-02-13T15:58:51","modified_gmt":"2026-02-13T15:58:51","slug":"proyecto-escalereta","status":"publish","type":"page","link":"https:\/\/virgendesetefilla.net\/?page_id=56","title":{"rendered":"Proyecto escalereta"},"content":{"rendered":"\t\t<div data-elementor-type=\"wp-page\" data-elementor-id=\"56\" class=\"elementor elementor-56\" data-elementor-post-type=\"page\">\n\t\t\t\t<div class=\"elementor-element elementor-element-2f6e09e e-flex e-con-boxed e-con e-parent\" data-id=\"2f6e09e\" data-element_type=\"container\" data-e-type=\"container\">\n\t\t\t\t\t<div class=\"e-con-inner\">\n\t\t\t\t<div class=\"elementor-element elementor-element-14afde7 elementor-widget elementor-widget-spacer\" data-id=\"14afde7\" data-element_type=\"widget\" data-e-type=\"widget\" data-widget_type=\"spacer.default\">\n\t\t\t\t\t\t\t<div class=\"elementor-spacer\">\n\t\t\t<div class=\"elementor-spacer-inner\"><\/div>\n\t\t<\/div>\n\t\t\t\t\t\t<\/div>\n\t\t\t\t<div class=\"elementor-element elementor-element-1807b7b elementor-widget elementor-widget-heading\" data-id=\"1807b7b\" data-element_type=\"widget\" data-e-type=\"widget\" data-widget_type=\"heading.default\">\n\t\t\t\t\t<h2 class=\"elementor-heading-title elementor-size-default\">Proyecto escalereta<\/h2>\t\t\t\t<\/div>\n\t\t\t\t\t<\/div>\n\t\t\t\t<\/div>\n\t\t<div class=\"elementor-element elementor-element-1a70d3f e-flex e-con-boxed e-con e-parent\" data-id=\"1a70d3f\" data-element_type=\"container\" data-e-type=\"container\">\n\t\t\t\t\t<div class=\"e-con-inner\">\n\t\t\t\t<div class=\"elementor-element elementor-element-8121bcb elementor-widget elementor-widget-text-editor\" data-id=\"8121bcb\" data-element_type=\"widget\" data-e-type=\"widget\" data-widget_type=\"text-editor.default\">\n\t\t\t\t\t\t\t\t\t<p>El a\u00f1o pasado, celebramos el XXV Aniversario de la Coronaci\u00f3n Can\u00f3nica de Nuestra Madre Mar\u00eda Sant\u00edsima de Setefilla, llevamos a cabo multitud de actos y celebraciones, pero el mayor regalo que le dejamos a la Virgen por estas efem\u00e9rides es la creaci\u00f3n de la Obra Social.<\/p><p>Esta Obra social comprende: Aportaciones a las 3 C\u00e1ritas Parroquiales, ayudas puntuales a casos urgentes de personas necesitadas de nuestro pueblo y el Proyecto de obra asistencial domiciliaria Virgen de Setefilla, lo que denominamos \u00abProyecto Escalereta\u00bb.<\/p><p><strong>\u00bfQu\u00e9 es el proyecto escalereta?<\/strong><\/p><p>Proyecto de asistencia domiciliaria a personas dependientes con dificultades sociales, econ\u00f3micas, laborales, de enfermedad o senectud. La asistencia en el domicilio se realizar\u00e1 por personas desempleadas y con formaci\u00f3n para desempe\u00f1ar las funciones de aseo personal, medicaci\u00f3n, limpieza del domicilio, elaboraci\u00f3n de comidas, gestiones m\u00e9dicas, etc\u2026).<\/p><p>Escalereta debe servir como recurso complementario a los proyectos de acci\u00f3n social de la Iglesia de Lora del R\u00edo y trabajar en coordinaci\u00f3n con las C\u00e1ritas Parroquiales, Pastoral de la Salud, Servicios Sociales y Servicios Sanitarios.<\/p><p>Otro de sus objetivos es la generaci\u00f3n de empleo. Ofrecer una salida laboral a hombres y mujeres sin trabajo de nuestra localidad y con formaci\u00f3n b\u00e1sica en el cuidado a personas.<\/p><p><strong>\u00bfQui\u00e9n lo compone?<\/strong><\/p><p>Es un proyecto de todos los hermanos, donde todos y todas somos necesarios, unos, aportamos dinero, otros, a trav\u00e9s del Banco del Tiempo, podemos dar nuestra experiencia profesional para ayudar a los dem\u00e1s, por ej: hacer una comida, acompa\u00f1ar en el paseo, hacer unas chapucillas de fontaner\u00eda, electricidad o alba\u00f1iler\u00eda.<\/p><p><strong>\u00bfC\u00f3mo se financia el proyecto?<\/strong><\/p><p>Para darle continuidad a este proyecto, necesitamos unos recursos financieros s\u00f3lidos y consolidados, que comprenden: Asignaci\u00f3n anual del presupuesto de la hermandad, Captaci\u00f3n de nuevos hermanos, Cena ben\u00e9fica, Viajes, Solicitud de subvenciones a entidades financieras, Cuota de Caridad voluntaria de los hermanos, etc\u2026<\/p><p>Esta Bolsa de Caridad, es un gran reto para nuestra Hermandad, pero creemos que es totalmente necesario en los tiempos que nos han tocado vivir. En ella, est\u00e1n puestas las ilusiones de muchas personas y sabemos que, con el esfuerzo de todos y la ayuda de Ntra. Madre, Mar\u00eda Sant\u00edsima de Setefilla, podemos conseguirlo.<\/p>\t\t\t\t\t\t\t\t<\/div>\n\t\t\t\t\t<\/div>\n\t\t\t\t<\/div>\n\t\t\t\t<\/div>\n\t\t","protected":false},"excerpt":{"rendered":"<p>Proyecto escalereta El a\u00f1o pasado, celebramos el XXV Aniversario de la Coronaci\u00f3n Can\u00f3nica de Nuestra Madre Mar\u00eda Sant\u00edsima de Setefilla, [&hellip;]<\/p>\n","protected":false},"author":2,"featured_media":0,"parent":0,"menu_order":0,"comment_status":"closed","ping_status":"closed","template":"elementor_canvas","meta":{"site-sidebar-layout":"no-sidebar","site-content-layout":"","ast-site-content-layout":"full-width-container","site-content-style":"default","site-sidebar-style":"default","ast-global-header-display":"","ast-banner-title-visibility":"","ast-main-header-display":"","ast-hfb-above-header-display":"","ast-hfb-below-header-display":"","ast-hfb-mobile-header-display":"","site-post-title":"","ast-breadcrumbs-content":"","ast-featured-img":"disabled","footer-sml-layout":"","ast-disable-related-posts":"","theme-transparent-header-meta":"","adv-header-id-meta":"","stick-header-meta":"","header-above-stick-meta":"","header-main-stick-meta":"","header-below-stick-meta":"","astra-migrate-meta-layouts":"default","ast-page-background-enabled":"default","ast-page-background-meta":{"desktop":{"background-color":"var(--ast-global-color-5)","background-image":"","background-repeat":"repeat","background-position":"center center","background-size":"auto","background-attachment":"scroll","background-type":"","background-media":"","overlay-type":"","overlay-color":"","overlay-opacity":"","overlay-gradient":""},"tablet":{"background-color":"","background-image":"","background-repeat":"repeat","background-position":"center center","background-size":"auto","background-attachment":"scroll","background-type":"","background-media":"","overlay-type":"","overlay-color":"","overlay-opacity":"","overlay-gradient":""},"mobile":{"background-color":"","background-image":"","background-repeat":"repeat","background-position":"center center","background-size":"auto","background-attachment":"scroll","background-type":"","background-media":"","overlay-type":"","overlay-color":"","overlay-opacity":"","overlay-gradient":""}},"ast-content-background-meta":{"desktop":{"background-color":"var(--ast-global-color-4)","background-image":"","background-repeat":"repeat","background-position":"center center","background-size":"auto","background-attachment":"scroll","background-type":"","background-media":"","overlay-type":"","overlay-color":"","overlay-opacity":"","overlay-gradient":""},"tablet":{"background-color":"var(--ast-global-color-4)","background-image":"","background-repeat":"repeat","background-position":"center center","background-size":"auto","background-attachment":"scroll","background-type":"","background-media":"","overlay-type":"","overlay-color":"","overlay-opacity":"","overlay-gradient":""},"mobile":{"background-color":"var(--ast-global-color-4)","background-image":"","background-repeat":"repeat","background-position":"center center","background-size":"auto","background-attachment":"scroll","background-type":"","background-media":"","overlay-type":"","overlay-color":"","overlay-opacity":"","overlay-gradient":""}},"_joinchat":[],"footnotes":""},"class_list":["post-56","page","type-page","status-publish","hentry"],"_links":{"self":[{"href":"https:\/\/virgendesetefilla.net\/index.php?rest_route=\/wp\/v2\/pages\/56","targetHints":{"allow":["GET"]}}],"collection":[{"href":"https:\/\/virgendesetefilla.net\/index.php?rest_route=\/wp\/v2\/pages"}],"about":[{"href":"https:\/\/virgendesetefilla.net\/index.php?rest_route=\/wp\/v2\/types\/page"}],"author":[{"embeddable":true,"href":"https:\/\/virgendesetefilla.net\/index.php?rest_route=\/wp\/v2\/users\/2"}],"replies":[{"embeddable":true,"href":"https:\/\/virgendesetefilla.net\/index.php?rest_route=%2Fwp%2Fv2%2Fcomments&post=56"}],"version-history":[{"count":4,"href":"https:\/\/virgendesetefilla.net\/index.php?rest_route=\/wp\/v2\/pages\/56\/revisions"}],"predecessor-version":[{"id":61,"href":"https:\/\/virgendesetefilla.net\/index.php?rest_route=\/wp\/v2\/pages\/56\/revisions\/61"}],"wp:attachment":[{"href":"https:\/\/virgendesetefilla.net\/index.php?rest_route=%2Fwp%2Fv2%2Fmedia&parent=56"}],"curies":[{"name":"wp","href":"https:\/\/api.w.org\/{rel}","templated":true}]}}