{"id":429,"date":"2026-02-16T15:29:00","date_gmt":"2026-02-16T14:29:00","guid":{"rendered":"https:\/\/virgendesetefilla.net\/?page_id=429"},"modified":"2026-02-16T15:32:28","modified_gmt":"2026-02-16T14:32:28","slug":"solicitud-de-hermano","status":"publish","type":"page","link":"https:\/\/virgendesetefilla.net\/?page_id=429","title":{"rendered":"Solicitud de hermano"},"content":{"rendered":"\t\t<div data-elementor-type=\"wp-page\" data-elementor-id=\"429\" class=\"elementor elementor-429\" data-elementor-post-type=\"page\">\n\t\t\t\t<div class=\"elementor-element elementor-element-2f6e09e e-flex e-con-boxed e-con e-parent\" data-id=\"2f6e09e\" data-element_type=\"container\" data-e-type=\"container\">\n\t\t\t\t\t<div class=\"e-con-inner\">\n\t\t\t\t<div class=\"elementor-element elementor-element-14afde7 elementor-widget elementor-widget-spacer\" data-id=\"14afde7\" data-element_type=\"widget\" data-e-type=\"widget\" data-widget_type=\"spacer.default\">\n\t\t\t\t\t\t\t<div class=\"elementor-spacer\">\n\t\t\t<div class=\"elementor-spacer-inner\"><\/div>\n\t\t<\/div>\n\t\t\t\t\t\t<\/div>\n\t\t\t\t<div class=\"elementor-element elementor-element-1807b7b elementor-widget elementor-widget-heading\" data-id=\"1807b7b\" data-element_type=\"widget\" data-e-type=\"widget\" data-widget_type=\"heading.default\">\n\t\t\t\t\t<h2 class=\"elementor-heading-title elementor-size-default\">Solicitud de hermano<\/h2>\t\t\t\t<\/div>\n\t\t\t\t\t<\/div>\n\t\t\t\t<\/div>\n\t\t<div class=\"elementor-element elementor-element-1a70d3f e-flex e-con-boxed e-con e-parent\" data-id=\"1a70d3f\" data-element_type=\"container\" data-e-type=\"container\">\n\t\t\t\t\t<div class=\"e-con-inner\">\n\t\t\t\t<div class=\"elementor-element elementor-element-8121bcb elementor-widget elementor-widget-text-editor\" data-id=\"8121bcb\" data-element_type=\"widget\" data-e-type=\"widget\" data-widget_type=\"text-editor.default\">\n\t\t\t\t\t\t\t\t\t<p>A continuaci\u00f3n, se detallan los pasos a seguir para ser hermano de la Hermandad Mayor de Nuestra Se\u00f1ora de Setefilla.<\/p><p>En primer lugar, debe ser reunida y rellenada adecuadamente toda la documentaci\u00f3n que se lista a continuaci\u00f3n:<\/p><ul><li>Es necesario una Solicitud de Admisi\u00f3n de Hermano. Puede recogerla en la Casa de la Virgen o bien\u00a0<a href=\"https:\/\/web.archive.org\/web\/20251115184129\/https:\/virgendesetefilla.com\/wp-content\/uploads\/2017\/08\/admisionhermano.pdf\">descargarla haciendo click aqu\u00ed<\/a>.<\/li><li>Se deben rellenar los datos del bautismo en la\u00a0<strong>iglesia donde se bautiz\u00f3<\/strong>\u00a0<strong>o bien presentar una fe de bautismo adjunt\u00e1ndola a la solicitud<\/strong>.<\/li><\/ul><p>Una vez rellena la Solicitud de Admisi\u00f3n de Hermano y reunida toda la documentaci\u00f3n, debe hacerla llegar por los siguientes medios:<\/p><ul><li>En la Casa de la Virgen, bien en la tienda o en Secretar\u00eda o Tesorer\u00eda, junto con 3 euros de limosna de admisi\u00f3n.<\/li><li>Haci\u00e9ndola llegar por correo ordinario a la siguiente direcci\u00f3n:<\/li><\/ul><p><em><strong>Hdad. Mayor de Nuestra Se\u00f1ora de Setefilla<\/strong><br \/>C\/ Jos\u00e9 Montoto, 25<br \/>41440, Lora del R\u00edo (Sevilla)<\/em><\/p><ul><li>Mandarla por correo electr\u00f3nico a la siguiente direcci\u00f3n:\u00a0<a href=\"https:\/\/web.archive.org\/web\/20251115184129\/mailto:secretaria@virgendesetefilla.com\">secretaria@virgendesetefilla.com<\/a><\/li><\/ul><p>Para los que opten por mandar la solicitud por correo ordinario o correo electr\u00f3nico, la primera anualidad se ver\u00e1 incrementada en 3 euros correspondientes a la limosna de admisi\u00f3n de hermano.<\/p><p><a href=\"https:\/\/web.archive.org\/web\/20251115184129\/http:\/192.168.99.100\/solicitud-de-hermano\/solicitud_hermano\/\">Solicitud de Hermano<\/a><\/p>\t\t\t\t\t\t\t\t<\/div>\n\t\t\t\t\t<\/div>\n\t\t\t\t<\/div>\n\t\t\t\t<\/div>\n\t\t","protected":false},"excerpt":{"rendered":"<p>Solicitud de hermano A continuaci\u00f3n, se detallan los pasos a seguir para ser hermano de la Hermandad Mayor de Nuestra [&hellip;]<\/p>\n","protected":false},"author":2,"featured_media":0,"parent":0,"menu_order":0,"comment_status":"closed","ping_status":"closed","template":"elementor_canvas","meta":{"site-sidebar-layout":"no-sidebar","site-content-layout":"","ast-site-content-layout":"full-width-container","site-content-style":"default","site-sidebar-style":"default","ast-global-header-display":"","ast-banner-title-visibility":"","ast-main-header-display":"","ast-hfb-above-header-display":"","ast-hfb-below-header-display":"","ast-hfb-mobile-header-display":"","site-post-title":"","ast-breadcrumbs-content":"","ast-featured-img":"disabled","footer-sml-layout":"","ast-disable-related-posts":"","theme-transparent-header-meta":"","adv-header-id-meta":"","stick-header-meta":"","header-above-stick-meta":"","header-main-stick-meta":"","header-below-stick-meta":"","astra-migrate-meta-layouts":"default","ast-page-background-enabled":"default","ast-page-background-meta":{"desktop":{"background-color":"var(--ast-global-color-5)","background-image":"","background-repeat":"repeat","background-position":"center center","background-size":"auto","background-attachment":"scroll","background-type":"","background-media":"","overlay-type":"","overlay-color":"","overlay-opacity":"","overlay-gradient":""},"tablet":{"background-color":"","background-image":"","background-repeat":"repeat","background-position":"center center","background-size":"auto","background-attachment":"scroll","background-type":"","background-media":"","overlay-type":"","overlay-color":"","overlay-opacity":"","overlay-gradient":""},"mobile":{"background-color":"","background-image":"","background-repeat":"repeat","background-position":"center center","background-size":"auto","background-attachment":"scroll","background-type":"","background-media":"","overlay-type":"","overlay-color":"","overlay-opacity":"","overlay-gradient":""}},"ast-content-background-meta":{"desktop":{"background-color":"var(--ast-global-color-4)","background-image":"","background-repeat":"repeat","background-position":"center center","background-size":"auto","background-attachment":"scroll","background-type":"","background-media":"","overlay-type":"","overlay-color":"","overlay-opacity":"","overlay-gradient":""},"tablet":{"background-color":"var(--ast-global-color-4)","background-image":"","background-repeat":"repeat","background-position":"center center","background-size":"auto","background-attachment":"scroll","background-type":"","background-media":"","overlay-type":"","overlay-color":"","overlay-opacity":"","overlay-gradient":""},"mobile":{"background-color":"var(--ast-global-color-4)","background-image":"","background-repeat":"repeat","background-position":"center center","background-size":"auto","background-attachment":"scroll","background-type":"","background-media":"","overlay-type":"","overlay-color":"","overlay-opacity":"","overlay-gradient":""}},"_joinchat":[],"footnotes":""},"class_list":["post-429","page","type-page","status-publish","hentry"],"_links":{"self":[{"href":"https:\/\/virgendesetefilla.net\/index.php?rest_route=\/wp\/v2\/pages\/429","targetHints":{"allow":["GET"]}}],"collection":[{"href":"https:\/\/virgendesetefilla.net\/index.php?rest_route=\/wp\/v2\/pages"}],"about":[{"href":"https:\/\/virgendesetefilla.net\/index.php?rest_route=\/wp\/v2\/types\/page"}],"author":[{"embeddable":true,"href":"https:\/\/virgendesetefilla.net\/index.php?rest_route=\/wp\/v2\/users\/2"}],"replies":[{"embeddable":true,"href":"https:\/\/virgendesetefilla.net\/index.php?rest_route=%2Fwp%2Fv2%2Fcomments&post=429"}],"version-history":[{"count":7,"href":"https:\/\/virgendesetefilla.net\/index.php?rest_route=\/wp\/v2\/pages\/429\/revisions"}],"predecessor-version":[{"id":438,"href":"https:\/\/virgendesetefilla.net\/index.php?rest_route=\/wp\/v2\/pages\/429\/revisions\/438"}],"wp:attachment":[{"href":"https:\/\/virgendesetefilla.net\/index.php?rest_route=%2Fwp%2Fv2%2Fmedia&parent=429"}],"curies":[{"name":"wp","href":"https:\/\/api.w.org\/{rel}","templated":true}]}}