{"id":27,"date":"2026-02-13T14:39:53","date_gmt":"2026-02-13T14:39:53","guid":{"rendered":"https:\/\/virgendesetefilla.net\/?page_id=27"},"modified":"2026-02-13T15:26:26","modified_gmt":"2026-02-13T15:26:26","slug":"simbolos-de-hermano","status":"publish","type":"page","link":"https:\/\/virgendesetefilla.net\/?page_id=27","title":{"rendered":"S\u00edmbolos de hermano"},"content":{"rendered":"\t\t<div data-elementor-type=\"wp-page\" data-elementor-id=\"27\" class=\"elementor elementor-27\" data-elementor-post-type=\"page\">\n\t\t\t\t<div class=\"elementor-element elementor-element-2f6e09e e-flex e-con-boxed e-con e-parent\" data-id=\"2f6e09e\" data-element_type=\"container\" data-e-type=\"container\">\n\t\t\t\t\t<div class=\"e-con-inner\">\n\t\t\t\t<div class=\"elementor-element elementor-element-14afde7 elementor-widget elementor-widget-spacer\" data-id=\"14afde7\" data-element_type=\"widget\" data-e-type=\"widget\" data-widget_type=\"spacer.default\">\n\t\t\t\t\t\t\t<div class=\"elementor-spacer\">\n\t\t\t<div class=\"elementor-spacer-inner\"><\/div>\n\t\t<\/div>\n\t\t\t\t\t\t<\/div>\n\t\t\t\t<div class=\"elementor-element elementor-element-1807b7b elementor-widget elementor-widget-heading\" data-id=\"1807b7b\" data-element_type=\"widget\" data-e-type=\"widget\" data-widget_type=\"heading.default\">\n\t\t\t\t\t<h2 class=\"elementor-heading-title elementor-size-default\">S\u00edmbolos de hermano<\/h2>\t\t\t\t<\/div>\n\t\t\t\t\t<\/div>\n\t\t\t\t<\/div>\n\t\t<div class=\"elementor-element elementor-element-e8fad0d e-flex e-con-boxed e-con e-parent\" data-id=\"e8fad0d\" data-element_type=\"container\" data-e-type=\"container\">\n\t\t\t\t\t<div class=\"e-con-inner\">\n\t\t\t\t<div class=\"elementor-element elementor-element-425d76d elementor-widget elementor-widget-text-editor\" data-id=\"425d76d\" data-element_type=\"widget\" data-e-type=\"widget\" data-widget_type=\"text-editor.default\">\n\t\t\t\t\t\t\t\t\t<p>Los s\u00edmbolos distintivos de la Hermandad Mayor de Nuestra Se\u00f1ora de Setefilla son el escudo e insignia de la hermandad y la medalla de Hermano.<\/p>\t\t\t\t\t\t\t\t<\/div>\n\t\t\t\t\t<\/div>\n\t\t\t\t<\/div>\n\t\t<div class=\"elementor-element elementor-element-1a70d3f e-flex e-con-boxed e-con e-parent\" data-id=\"1a70d3f\" data-element_type=\"container\" data-e-type=\"container\">\n\t\t\t\t\t<div class=\"e-con-inner\">\n\t\t\t\t<div class=\"elementor-element elementor-element-8121bcb elementor-widget elementor-widget-text-editor\" data-id=\"8121bcb\" data-element_type=\"widget\" data-e-type=\"widget\" data-widget_type=\"text-editor.default\">\n\t\t\t\t\t\t\t\t\t<h4><strong>Escudo<\/strong><\/h4><p>El escudo de la Hermandad consiste en un c\u00edrculo sobrepuesto a la Cruz de la Orden de San Juan de Jerusal\u00e9n. Dentro del c\u00edrculo, sobre fondo blanco, se halla una \u00abMar\u00eda\u00bb y sobre ella una aureola, formada por doce estrellas.<\/p>\t\t\t\t\t\t\t\t<\/div>\n\t\t\t\t\t<\/div>\n\t\t\t\t<\/div>\n\t\t<div class=\"elementor-element elementor-element-a1140e6 e-flex e-con-boxed e-con e-parent\" data-id=\"a1140e6\" data-element_type=\"container\" data-e-type=\"container\">\n\t\t\t\t\t<div class=\"e-con-inner\">\n\t\t<div class=\"elementor-element elementor-element-ed349ed e-con-full e-flex e-con e-child\" data-id=\"ed349ed\" data-element_type=\"container\" data-e-type=\"container\">\n\t\t\t\t<div class=\"elementor-element elementor-element-fc7a7fb elementor-widget elementor-widget-image\" data-id=\"fc7a7fb\" data-element_type=\"widget\" data-e-type=\"widget\" data-widget_type=\"image.default\">\n\t\t\t\t\t\t\t\t\t\t\t\t<figure class=\"wp-caption\">\n\t\t\t\t\t\t\t\t\t\t<img decoding=\"async\" width=\"200\" height=\"200\" src=\"https:\/\/virgendesetefilla.net\/wp-content\/uploads\/2026\/02\/imgi_2_escudo_hermandad_esquema-200x200-1.png\" class=\"attachment-large size-large wp-image-30\" alt=\"\" srcset=\"https:\/\/virgendesetefilla.net\/wp-content\/uploads\/2026\/02\/imgi_2_escudo_hermandad_esquema-200x200-1.png 200w, https:\/\/virgendesetefilla.net\/wp-content\/uploads\/2026\/02\/imgi_2_escudo_hermandad_esquema-200x200-1-150x150.png 150w\" sizes=\"(max-width: 200px) 100vw, 200px\" \/>\t\t\t\t\t\t\t\t\t\t\t<figcaption class=\"widget-image-caption wp-caption-text\">Esquema del Escudo de la Hermandad<\/figcaption>\n\t\t\t\t\t\t\t\t\t\t<\/figure>\n\t\t\t\t\t\t\t\t\t<\/div>\n\t\t\t\t<\/div>\n\t\t<div class=\"elementor-element elementor-element-23f33ff e-con-full e-flex e-con e-child\" data-id=\"23f33ff\" data-element_type=\"container\" data-e-type=\"container\">\n\t\t\t\t<div class=\"elementor-element elementor-element-9160730 elementor-widget elementor-widget-image\" data-id=\"9160730\" data-element_type=\"widget\" data-e-type=\"widget\" data-widget_type=\"image.default\">\n\t\t\t\t\t\t\t\t\t\t\t\t<figure class=\"wp-caption\">\n\t\t\t\t\t\t\t\t\t\t<img decoding=\"async\" width=\"200\" height=\"200\" src=\"https:\/\/virgendesetefilla.net\/wp-content\/uploads\/2026\/02\/imgi_3_escudo_hermandad_azul-200x200-1.png\" class=\"attachment-large size-large wp-image-31\" alt=\"\" srcset=\"https:\/\/virgendesetefilla.net\/wp-content\/uploads\/2026\/02\/imgi_3_escudo_hermandad_azul-200x200-1.png 200w, https:\/\/virgendesetefilla.net\/wp-content\/uploads\/2026\/02\/imgi_3_escudo_hermandad_azul-200x200-1-150x150.png 150w\" sizes=\"(max-width: 200px) 100vw, 200px\" \/>\t\t\t\t\t\t\t\t\t\t\t<figcaption class=\"widget-image-caption wp-caption-text\">Esquema del escudo azul de la Hermandad<\/figcaption>\n\t\t\t\t\t\t\t\t\t\t<\/figure>\n\t\t\t\t\t\t\t\t\t<\/div>\n\t\t\t\t<\/div>\n\t\t<div class=\"elementor-element elementor-element-b817d16 e-con-full e-flex e-con e-child\" data-id=\"b817d16\" data-element_type=\"container\" data-e-type=\"container\">\n\t\t\t\t<div class=\"elementor-element elementor-element-baf4da1 elementor-widget elementor-widget-image\" data-id=\"baf4da1\" data-element_type=\"widget\" data-e-type=\"widget\" data-widget_type=\"image.default\">\n\t\t\t\t\t\t\t\t\t\t\t\t<figure class=\"wp-caption\">\n\t\t\t\t\t\t\t\t\t\t<img decoding=\"async\" width=\"200\" height=\"200\" src=\"https:\/\/virgendesetefilla.net\/wp-content\/uploads\/2026\/02\/imgi_4_escudo_hermandad_dorado-200x200-1.jpg\" class=\"attachment-large size-large wp-image-32\" alt=\"\" srcset=\"https:\/\/virgendesetefilla.net\/wp-content\/uploads\/2026\/02\/imgi_4_escudo_hermandad_dorado-200x200-1.jpg 200w, https:\/\/virgendesetefilla.net\/wp-content\/uploads\/2026\/02\/imgi_4_escudo_hermandad_dorado-200x200-1-150x150.jpg 150w\" sizes=\"(max-width: 200px) 100vw, 200px\" \/>\t\t\t\t\t\t\t\t\t\t\t<figcaption class=\"widget-image-caption wp-caption-text\">Escudo de la Hermandad en tonos dorados<\/figcaption>\n\t\t\t\t\t\t\t\t\t\t<\/figure>\n\t\t\t\t\t\t\t\t\t<\/div>\n\t\t\t\t<\/div>\n\t\t\t\t\t<\/div>\n\t\t\t\t<\/div>\n\t\t<div class=\"elementor-element elementor-element-0d164a3 e-flex e-con-boxed e-con e-parent\" data-id=\"0d164a3\" data-element_type=\"container\" data-e-type=\"container\">\n\t\t\t\t\t<div class=\"e-con-inner\">\n\t\t\t\t<div class=\"elementor-element elementor-element-81cc05c elementor-widget elementor-widget-text-editor\" data-id=\"81cc05c\" data-element_type=\"widget\" data-e-type=\"widget\" data-widget_type=\"text-editor.default\">\n\t\t\t\t\t\t\t\t\t<h4><strong>Insignia<\/strong><\/h4><p>La Insignia de la Hermandad ser\u00e1 el Estandarte, que la representa simb\u00f3licamente, constituido por una bandera de seda blanca, con una \u00abMar\u00eda\u00bb en oro en el centro orlada con la inscripci\u00f3n \u00abHermandad Mayor de Nuestra Se\u00f1ora Mar\u00eda Sant\u00edsima de Setefilla\u00bb. El estandarte de las Hermanas se distingue del anterior por estar forrado de seda celeste en el reverso.<\/p>\t\t\t\t\t\t\t\t<\/div>\n\t\t\t\t\t<\/div>\n\t\t\t\t<\/div>\n\t\t<div class=\"elementor-element elementor-element-10fd003 e-flex e-con-boxed e-con e-parent\" data-id=\"10fd003\" data-element_type=\"container\" data-e-type=\"container\">\n\t\t\t\t\t<div class=\"e-con-inner\">\n\t\t<div class=\"elementor-element elementor-element-6e5001e e-con-full e-flex e-con e-child\" data-id=\"6e5001e\" data-element_type=\"container\" data-e-type=\"container\">\n\t\t\t\t<div class=\"elementor-element elementor-element-21a7827 elementor-widget elementor-widget-image\" data-id=\"21a7827\" data-element_type=\"widget\" data-e-type=\"widget\" data-widget_type=\"image.default\">\n\t\t\t\t\t\t\t\t\t\t\t\t<figure class=\"wp-caption\">\n\t\t\t\t\t\t\t\t\t\t\t<a href=\"https:\/\/virgendesetefilla.net\/wp-content\/uploads\/2026\/02\/imgi_25_estantarde_hermandad1.jpg\" data-elementor-open-lightbox=\"yes\" data-elementor-lightbox-title=\"imgi_25_estantarde_hermandad1\" data-e-action-hash=\"#elementor-action%3Aaction%3Dlightbox%26settings%3DeyJpZCI6MzcsInVybCI6Imh0dHBzOlwvXC92aXJnZW5kZXNldGVmaWxsYS5uZXRcL3dwLWNvbnRlbnRcL3VwbG9hZHNcLzIwMjZcLzAyXC9pbWdpXzI1X2VzdGFudGFyZGVfaGVybWFuZGFkMS5qcGcifQ%3D%3D\">\n\t\t\t\t\t\t\t<img loading=\"lazy\" decoding=\"async\" width=\"200\" height=\"300\" src=\"https:\/\/virgendesetefilla.net\/wp-content\/uploads\/2026\/02\/imgi_25_estantarde_hermandad1.jpg\" class=\"attachment-large size-large wp-image-37\" alt=\"\" \/>\t\t\t\t\t\t\t\t<\/a>\n\t\t\t\t\t\t\t\t\t\t\t<figcaption class=\"widget-image-caption wp-caption-text\">Estandarte de la Hermandad<\/figcaption>\n\t\t\t\t\t\t\t\t\t\t<\/figure>\n\t\t\t\t\t\t\t\t\t<\/div>\n\t\t\t\t<\/div>\n\t\t<div class=\"elementor-element elementor-element-ad69fdf e-con-full e-flex e-con e-child\" data-id=\"ad69fdf\" data-element_type=\"container\" data-e-type=\"container\">\n\t\t\t\t<div class=\"elementor-element elementor-element-4b55b33 elementor-widget elementor-widget-image\" data-id=\"4b55b33\" data-element_type=\"widget\" data-e-type=\"widget\" data-widget_type=\"image.default\">\n\t\t\t\t\t\t\t\t\t\t\t\t<figure class=\"wp-caption\">\n\t\t\t\t\t\t\t\t\t\t\t<a href=\"https:\/\/virgendesetefilla.net\/wp-content\/uploads\/2026\/02\/imgi_26_estantarde_hermandad2.jpg\" data-elementor-open-lightbox=\"yes\" data-elementor-lightbox-title=\"imgi_26_estantarde_hermandad2\" data-e-action-hash=\"#elementor-action%3Aaction%3Dlightbox%26settings%3DeyJpZCI6MzgsInVybCI6Imh0dHBzOlwvXC92aXJnZW5kZXNldGVmaWxsYS5uZXRcL3dwLWNvbnRlbnRcL3VwbG9hZHNcLzIwMjZcLzAyXC9pbWdpXzI2X2VzdGFudGFyZGVfaGVybWFuZGFkMi5qcGcifQ%3D%3D\">\n\t\t\t\t\t\t\t<img loading=\"lazy\" decoding=\"async\" width=\"200\" height=\"300\" src=\"https:\/\/virgendesetefilla.net\/wp-content\/uploads\/2026\/02\/imgi_26_estantarde_hermandad2.jpg\" class=\"attachment-large size-large wp-image-38\" alt=\"\" \/>\t\t\t\t\t\t\t\t<\/a>\n\t\t\t\t\t\t\t\t\t\t\t<figcaption class=\"widget-image-caption wp-caption-text\">Estandarte de la Hermandad<\/figcaption>\n\t\t\t\t\t\t\t\t\t\t<\/figure>\n\t\t\t\t\t\t\t\t\t<\/div>\n\t\t\t\t<\/div>\n\t\t<div class=\"elementor-element elementor-element-1d0a186 e-con-full e-flex e-con e-child\" data-id=\"1d0a186\" data-element_type=\"container\" data-e-type=\"container\">\n\t\t\t\t<div class=\"elementor-element elementor-element-f974fcd elementor-widget elementor-widget-image\" data-id=\"f974fcd\" data-element_type=\"widget\" data-e-type=\"widget\" data-widget_type=\"image.default\">\n\t\t\t\t\t\t\t\t\t\t\t\t<figure class=\"wp-caption\">\n\t\t\t\t\t\t\t\t\t\t\t<a href=\"https:\/\/virgendesetefilla.net\/wp-content\/uploads\/2026\/02\/imgi_27_sin_pecado.jpg\" data-elementor-open-lightbox=\"yes\" data-elementor-lightbox-title=\"imgi_27_sin_pecado\" data-e-action-hash=\"#elementor-action%3Aaction%3Dlightbox%26settings%3DeyJpZCI6MzksInVybCI6Imh0dHBzOlwvXC92aXJnZW5kZXNldGVmaWxsYS5uZXRcL3dwLWNvbnRlbnRcL3VwbG9hZHNcLzIwMjZcLzAyXC9pbWdpXzI3X3Npbl9wZWNhZG8uanBnIn0%3D\">\n\t\t\t\t\t\t\t<img loading=\"lazy\" decoding=\"async\" width=\"200\" height=\"300\" src=\"https:\/\/virgendesetefilla.net\/wp-content\/uploads\/2026\/02\/imgi_27_sin_pecado.jpg\" class=\"attachment-large size-large wp-image-39\" alt=\"\" \/>\t\t\t\t\t\t\t\t<\/a>\n\t\t\t\t\t\t\t\t\t\t\t<figcaption class=\"widget-image-caption wp-caption-text\">Simpecado<\/figcaption>\n\t\t\t\t\t\t\t\t\t\t<\/figure>\n\t\t\t\t\t\t\t\t\t<\/div>\n\t\t\t\t<\/div>\n\t\t\t\t\t<\/div>\n\t\t\t\t<\/div>\n\t\t<div class=\"elementor-element elementor-element-186b659 e-flex e-con-boxed e-con e-parent\" data-id=\"186b659\" data-element_type=\"container\" data-e-type=\"container\">\n\t\t\t\t\t<div class=\"e-con-inner\">\n\t\t\t\t<div class=\"elementor-element elementor-element-05fcd07 elementor-widget elementor-widget-text-editor\" data-id=\"05fcd07\" data-element_type=\"widget\" data-e-type=\"widget\" data-widget_type=\"text-editor.default\">\n\t\t\t\t\t\t\t\t\t<h4><strong>Medalla de hermano<\/strong><\/h4><p>La medalla distintiva de los Hermanos es grande, de plata, tiene por el anverso la Efigie de Nuestra Se\u00f1ora de Setefilla con la inscripci\u00f3n \u00abHermandad Mayor de Nuestra Se\u00f1ora de Setefilla\u00bb, y por el reverso la Imagen de Nuestro Padre Jes\u00fas Nazareno, y pende de cinta de seda con dos franjas celestes y una, en medio, blanca.<\/p>\t\t\t\t\t\t\t\t<\/div>\n\t\t\t\t\t<\/div>\n\t\t\t\t<\/div>\n\t\t<div class=\"elementor-element elementor-element-ea55754 e-flex e-con-boxed e-con e-parent\" data-id=\"ea55754\" data-element_type=\"container\" data-e-type=\"container\">\n\t\t\t\t\t<div class=\"e-con-inner\">\n\t\t<div class=\"elementor-element elementor-element-387e8ee e-con-full e-flex e-con e-child\" data-id=\"387e8ee\" data-element_type=\"container\" data-e-type=\"container\">\n\t\t\t\t<div class=\"elementor-element elementor-element-48fcee0 elementor-widget elementor-widget-image\" data-id=\"48fcee0\" data-element_type=\"widget\" data-e-type=\"widget\" data-widget_type=\"image.default\">\n\t\t\t\t\t\t\t\t\t\t\t\t<figure class=\"wp-caption\">\n\t\t\t\t\t\t\t\t\t\t\t<a href=\"https:\/\/virgendesetefilla.net\/wp-content\/uploads\/2026\/02\/imgi_28_medalla_hermano_anverso.jpg\" data-elementor-open-lightbox=\"yes\" data-elementor-lightbox-title=\"imgi_28_medalla_hermano_anverso\" data-e-action-hash=\"#elementor-action%3Aaction%3Dlightbox%26settings%3DeyJpZCI6NDQsInVybCI6Imh0dHBzOlwvXC92aXJnZW5kZXNldGVmaWxsYS5uZXRcL3dwLWNvbnRlbnRcL3VwbG9hZHNcLzIwMjZcLzAyXC9pbWdpXzI4X21lZGFsbGFfaGVybWFub19hbnZlcnNvLmpwZyJ9\">\n\t\t\t\t\t\t\t<img loading=\"lazy\" decoding=\"async\" width=\"200\" height=\"334\" src=\"https:\/\/virgendesetefilla.net\/wp-content\/uploads\/2026\/02\/imgi_28_medalla_hermano_anverso.jpg\" class=\"attachment-large size-large wp-image-44\" alt=\"\" srcset=\"https:\/\/virgendesetefilla.net\/wp-content\/uploads\/2026\/02\/imgi_28_medalla_hermano_anverso.jpg 200w, https:\/\/virgendesetefilla.net\/wp-content\/uploads\/2026\/02\/imgi_28_medalla_hermano_anverso-180x300.jpg 180w\" sizes=\"(max-width: 200px) 100vw, 200px\" \/>\t\t\t\t\t\t\t\t<\/a>\n\t\t\t\t\t\t\t\t\t\t\t<figcaption class=\"widget-image-caption wp-caption-text\">Anverso de la medalla de Hermano<\/figcaption>\n\t\t\t\t\t\t\t\t\t\t<\/figure>\n\t\t\t\t\t\t\t\t\t<\/div>\n\t\t\t\t<\/div>\n\t\t<div class=\"elementor-element elementor-element-b236eb5 e-con-full e-flex e-con e-child\" data-id=\"b236eb5\" data-element_type=\"container\" data-e-type=\"container\">\n\t\t\t\t<div class=\"elementor-element elementor-element-a4e77a7 elementor-widget elementor-widget-image\" data-id=\"a4e77a7\" data-element_type=\"widget\" data-e-type=\"widget\" data-widget_type=\"image.default\">\n\t\t\t\t\t\t\t\t\t\t\t\t<figure class=\"wp-caption\">\n\t\t\t\t\t\t\t\t\t\t\t<a href=\"https:\/\/virgendesetefilla.net\/wp-content\/uploads\/2026\/02\/imgi_29_medalla_hermano_reverso.jpg\" data-elementor-open-lightbox=\"yes\" data-elementor-lightbox-title=\"imgi_29_medalla_hermano_reverso\" data-e-action-hash=\"#elementor-action%3Aaction%3Dlightbox%26settings%3DeyJpZCI6NDUsInVybCI6Imh0dHBzOlwvXC92aXJnZW5kZXNldGVmaWxsYS5uZXRcL3dwLWNvbnRlbnRcL3VwbG9hZHNcLzIwMjZcLzAyXC9pbWdpXzI5X21lZGFsbGFfaGVybWFub19yZXZlcnNvLmpwZyJ9\">\n\t\t\t\t\t\t\t<img loading=\"lazy\" decoding=\"async\" width=\"200\" height=\"334\" src=\"https:\/\/virgendesetefilla.net\/wp-content\/uploads\/2026\/02\/imgi_29_medalla_hermano_reverso.jpg\" class=\"attachment-large size-large wp-image-45\" alt=\"\" srcset=\"https:\/\/virgendesetefilla.net\/wp-content\/uploads\/2026\/02\/imgi_29_medalla_hermano_reverso.jpg 200w, https:\/\/virgendesetefilla.net\/wp-content\/uploads\/2026\/02\/imgi_29_medalla_hermano_reverso-180x300.jpg 180w\" sizes=\"(max-width: 200px) 100vw, 200px\" \/>\t\t\t\t\t\t\t\t<\/a>\n\t\t\t\t\t\t\t\t\t\t\t<figcaption class=\"widget-image-caption wp-caption-text\">Reverso de la medalla de Hermano<\/figcaption>\n\t\t\t\t\t\t\t\t\t\t<\/figure>\n\t\t\t\t\t\t\t\t\t<\/div>\n\t\t\t\t<\/div>\n\t\t<div class=\"elementor-element elementor-element-8e7103c e-con-full e-flex e-con e-child\" data-id=\"8e7103c\" data-element_type=\"container\" data-e-type=\"container\">\n\t\t\t\t<div class=\"elementor-element elementor-element-4cc388f elementor-widget elementor-widget-image\" data-id=\"4cc388f\" data-element_type=\"widget\" data-e-type=\"widget\" data-widget_type=\"image.default\">\n\t\t\t\t\t\t\t\t\t\t\t\t<figure class=\"wp-caption\">\n\t\t\t\t\t\t\t\t\t\t\t<a href=\"https:\/\/virgendesetefilla.net\/wp-content\/uploads\/2026\/02\/imgi_30_medalla_hermano_cinta.jpg\" data-elementor-open-lightbox=\"yes\" data-elementor-lightbox-title=\"imgi_30_medalla_hermano_cinta\" data-e-action-hash=\"#elementor-action%3Aaction%3Dlightbox%26settings%3DeyJpZCI6NDYsInVybCI6Imh0dHBzOlwvXC92aXJnZW5kZXNldGVmaWxsYS5uZXRcL3dwLWNvbnRlbnRcL3VwbG9hZHNcLzIwMjZcLzAyXC9pbWdpXzMwX21lZGFsbGFfaGVybWFub19jaW50YS5qcGcifQ%3D%3D\">\n\t\t\t\t\t\t\t<img loading=\"lazy\" decoding=\"async\" width=\"200\" height=\"334\" src=\"https:\/\/virgendesetefilla.net\/wp-content\/uploads\/2026\/02\/imgi_30_medalla_hermano_cinta.jpg\" class=\"attachment-large size-large wp-image-46\" alt=\"\" srcset=\"https:\/\/virgendesetefilla.net\/wp-content\/uploads\/2026\/02\/imgi_30_medalla_hermano_cinta.jpg 200w, https:\/\/virgendesetefilla.net\/wp-content\/uploads\/2026\/02\/imgi_30_medalla_hermano_cinta-180x300.jpg 180w\" sizes=\"(max-width: 200px) 100vw, 200px\" \/>\t\t\t\t\t\t\t\t<\/a>\n\t\t\t\t\t\t\t\t\t\t\t<figcaption class=\"widget-image-caption wp-caption-text\">Cinta de la medalla de Hermano<\/figcaption>\n\t\t\t\t\t\t\t\t\t\t<\/figure>\n\t\t\t\t\t\t\t\t\t<\/div>\n\t\t\t\t<\/div>\n\t\t\t\t\t<\/div>\n\t\t\t\t<\/div>\n\t\t<div class=\"elementor-element elementor-element-b562fba e-flex e-con-boxed e-con e-parent\" data-id=\"b562fba\" data-element_type=\"container\" data-e-type=\"container\">\n\t\t\t\t\t<div class=\"e-con-inner\">\n\t\t\t\t<div class=\"elementor-element elementor-element-53501a6 elementor-widget elementor-widget-text-editor\" data-id=\"53501a6\" data-element_type=\"widget\" data-e-type=\"widget\" data-widget_type=\"text-editor.default\">\n\t\t\t\t\t\t\t\t\t<h4><strong>Camareras<\/strong><\/h4><p>Este estandarte procesiona, siendo portado por las camareras, en la festividad del Corpus, cuando Mar\u00eda Sant\u00edsima de Setefilla acompa\u00f1a al Sant\u00edsimo Sacramento por las calles de Lora, as\u00ed como en \u00a0la v\u00edspera de la Natividad de la Virgen en la procesi\u00f3n claustral que clausura la novena.<\/p>\t\t\t\t\t\t\t\t<\/div>\n\t\t\t\t\t<\/div>\n\t\t\t\t<\/div>\n\t\t<div class=\"elementor-element elementor-element-717ebed e-flex e-con-boxed e-con e-parent\" data-id=\"717ebed\" data-element_type=\"container\" data-e-type=\"container\">\n\t\t\t\t\t<div class=\"e-con-inner\">\n\t\t<div class=\"elementor-element elementor-element-2f408f0 e-con-full e-flex e-con e-child\" data-id=\"2f408f0\" data-element_type=\"container\" data-e-type=\"container\">\n\t\t\t\t<\/div>\n\t\t<div class=\"elementor-element elementor-element-f1b37ca e-con-full e-flex e-con e-child\" data-id=\"f1b37ca\" data-element_type=\"container\" data-e-type=\"container\">\n\t\t\t\t<div class=\"elementor-element elementor-element-9e51e70 elementor-widget elementor-widget-image\" data-id=\"9e51e70\" data-element_type=\"widget\" data-e-type=\"widget\" data-widget_type=\"image.default\">\n\t\t\t\t\t\t\t\t\t\t\t\t<figure class=\"wp-caption\">\n\t\t\t\t\t\t\t\t\t\t\t<a href=\"https:\/\/virgendesetefilla.net\/wp-content\/uploads\/2026\/02\/imgi_31_estandarte_camareras.jpg\" data-elementor-open-lightbox=\"yes\" data-elementor-lightbox-title=\"imgi_31_estandarte_camareras\" data-e-action-hash=\"#elementor-action%3Aaction%3Dlightbox%26settings%3DeyJpZCI6NDcsInVybCI6Imh0dHBzOlwvXC92aXJnZW5kZXNldGVmaWxsYS5uZXRcL3dwLWNvbnRlbnRcL3VwbG9hZHNcLzIwMjZcLzAyXC9pbWdpXzMxX2VzdGFuZGFydGVfY2FtYXJlcmFzLmpwZyJ9\">\n\t\t\t\t\t\t\t<img loading=\"lazy\" decoding=\"async\" width=\"200\" height=\"300\" src=\"https:\/\/virgendesetefilla.net\/wp-content\/uploads\/2026\/02\/imgi_31_estandarte_camareras.jpg\" class=\"attachment-large size-large wp-image-47\" alt=\"\" \/>\t\t\t\t\t\t\t\t<\/a>\n\t\t\t\t\t\t\t\t\t\t\t<figcaption class=\"widget-image-caption wp-caption-text\">Estandarte de las camareras<\/figcaption>\n\t\t\t\t\t\t\t\t\t\t<\/figure>\n\t\t\t\t\t\t\t\t\t<\/div>\n\t\t\t\t<\/div>\n\t\t<div class=\"elementor-element elementor-element-6be9217 e-con-full e-flex e-con e-child\" data-id=\"6be9217\" data-element_type=\"container\" data-e-type=\"container\">\n\t\t\t\t<\/div>\n\t\t\t\t\t<\/div>\n\t\t\t\t<\/div>\n\t\t\t\t<\/div>\n\t\t","protected":false},"excerpt":{"rendered":"<p>S\u00edmbolos de hermano Los s\u00edmbolos distintivos de la Hermandad Mayor de Nuestra Se\u00f1ora de Setefilla son el escudo e insignia [&hellip;]<\/p>\n","protected":false},"author":2,"featured_media":0,"parent":0,"menu_order":0,"comment_status":"closed","ping_status":"closed","template":"elementor_canvas","meta":{"site-sidebar-layout":"no-sidebar","site-content-layout":"","ast-site-content-layout":"full-width-container","site-content-style":"default","site-sidebar-style":"default","ast-global-header-display":"","ast-banner-title-visibility":"","ast-main-header-display":"","ast-hfb-above-header-display":"","ast-hfb-below-header-display":"","ast-hfb-mobile-header-display":"","site-post-title":"","ast-breadcrumbs-content":"","ast-featured-img":"disabled","footer-sml-layout":"","ast-disable-related-posts":"","theme-transparent-header-meta":"","adv-header-id-meta":"","stick-header-meta":"","header-above-stick-meta":"","header-main-stick-meta":"","header-below-stick-meta":"","astra-migrate-meta-layouts":"default","ast-page-background-enabled":"default","ast-page-background-meta":{"desktop":{"background-color":"var(--ast-global-color-5)","background-image":"","background-repeat":"repeat","background-position":"center center","background-size":"auto","background-attachment":"scroll","background-type":"","background-media":"","overlay-type":"","overlay-color":"","overlay-opacity":"","overlay-gradient":""},"tablet":{"background-color":"","background-image":"","background-repeat":"repeat","background-position":"center center","background-size":"auto","background-attachment":"scroll","background-type":"","background-media":"","overlay-type":"","overlay-color":"","overlay-opacity":"","overlay-gradient":""},"mobile":{"background-color":"","background-image":"","background-repeat":"repeat","background-position":"center center","background-size":"auto","background-attachment":"scroll","background-type":"","background-media":"","overlay-type":"","overlay-color":"","overlay-opacity":"","overlay-gradient":""}},"ast-content-background-meta":{"desktop":{"background-color":"var(--ast-global-color-4)","background-image":"","background-repeat":"repeat","background-position":"center center","background-size":"auto","background-attachment":"scroll","background-type":"","background-media":"","overlay-type":"","overlay-color":"","overlay-opacity":"","overlay-gradient":""},"tablet":{"background-color":"var(--ast-global-color-4)","background-image":"","background-repeat":"repeat","background-position":"center center","background-size":"auto","background-attachment":"scroll","background-type":"","background-media":"","overlay-type":"","overlay-color":"","overlay-opacity":"","overlay-gradient":""},"mobile":{"background-color":"var(--ast-global-color-4)","background-image":"","background-repeat":"repeat","background-position":"center center","background-size":"auto","background-attachment":"scroll","background-type":"","background-media":"","overlay-type":"","overlay-color":"","overlay-opacity":"","overlay-gradient":""}},"_joinchat":[],"footnotes":""},"class_list":["post-27","page","type-page","status-publish","hentry"],"_links":{"self":[{"href":"https:\/\/virgendesetefilla.net\/index.php?rest_route=\/wp\/v2\/pages\/27","targetHints":{"allow":["GET"]}}],"collection":[{"href":"https:\/\/virgendesetefilla.net\/index.php?rest_route=\/wp\/v2\/pages"}],"about":[{"href":"https:\/\/virgendesetefilla.net\/index.php?rest_route=\/wp\/v2\/types\/page"}],"author":[{"embeddable":true,"href":"https:\/\/virgendesetefilla.net\/index.php?rest_route=\/wp\/v2\/users\/2"}],"replies":[{"embeddable":true,"href":"https:\/\/virgendesetefilla.net\/index.php?rest_route=%2Fwp%2Fv2%2Fcomments&post=27"}],"version-history":[{"count":14,"href":"https:\/\/virgendesetefilla.net\/index.php?rest_route=\/wp\/v2\/pages\/27\/revisions"}],"predecessor-version":[{"id":55,"href":"https:\/\/virgendesetefilla.net\/index.php?rest_route=\/wp\/v2\/pages\/27\/revisions\/55"}],"wp:attachment":[{"href":"https:\/\/virgendesetefilla.net\/index.php?rest_route=%2Fwp%2Fv2%2Fmedia&parent=27"}],"curies":[{"name":"wp","href":"https:\/\/api.w.org\/{rel}","templated":true}]}}